01 (base 5) in base 11?
-312
Convert 48038 (base 10) to base 5.
3014123
136 (base 13) to base 3
21221
What is 1b696 (base 12) in base 3?
2001212020
What is 23023 (base 5) in base 3?
2020200
What is 25a77 (base 11) in base 8?
110557
-55a (base 12) to base 4
-30112
Convert -17b (base 14) to base 15.
-155
3d87 (base 16) to base 9
23541
100b0 (base 13) to base 7
146454
-109ca (base 15) to base 7
-310024
What is 34111 (base 6) in base 4?
1022323
370 (base 9) to base 15
156
Convert 4110144 (base 5) to base 15.
1499e
What is 29707 (base 10) in base 12?
15237
-408 (base 16) to base 2
-10000001000
5577 (base 11) to base 3
101002000
Convert -22224 (base 6) to base 11.
-237a
-110111000 (base 2) to base 16
-1b8
What is 835 (base 10) in base 6?
3511
-9b1 (base 15) to base 9
-3004
2b1 (base 16) to base 10
689
-104110 (base 6) to base 4
-2013222
101110 (base 2) to base 16
2e
12332 (base 6) to base 3
2112202
Convert 12646 (base 8) to base 6.
41354
1ad3 (base 14) to base 13
22c1
What is -1201020 (base 3) in base 2?
-10011100000
Convert 42260 (base 10) to base 2.
1010010100010100
What is -20452 (base 6) in base 12?
-1728
Convert -1513 (base 6) to base 4.
-12111
Convert 28a70 (base 11) to base 12.
1ba29
-7550 (base 9) to base 6
-41413
What is -11110111001110 (base 2) in base 10?
-15822
Convert 2212101120 (base 3) to base 5.
3301133
What is 3c0c (base 15) in base 16?
3225
What is 6150 (base 7) in base 5?
32032
Convert -146301 (base 7) to base 8.
-67711
Convert 1011011001101 (base 2) to base 4.
1123031
Convert 22231 (base 11) to base 6.
405100
13132221 (base 4) to base 6
353453
-12344 (base 6) to base 8
-3510
Convert -2160 (base 8) to base 15.
-50b
Convert -c17 (base 13) to base 7.
-5654
What is -2210033 (base 4) in base 13?
-4a27
-26d (base 14) to base 9
-603
Convert -d5b (base 14) to base 6.
-20101
Convert 7d76 (base 15) to base 16.
6825
388 (base 13) to base 6
2511
910 (base 10) to base 12
63a
5a3 (base 11) to base 8
1316
Convert 2305 (base 6) to base 12.
395
Convert 365 (base 12) to base 16.
1fd
What is 6823 (base 10) in base 14?
26b5
What is 2596 (base 11) in base 14?
132c
201423 (base 5) to base 14
2516
-203322 (base 4) to base 16
-8fa
What is -11030 (base 5) in base 12?
-539
Convert -3020 (base 4) to base 5.
-1300
-1110110110011010 (base 2) to base 5
-3421301
What is -16544 (base 10) in base 7?
-66143
Convert -212 (base 10) to base 7.
-422
7e8 (base 15) to base 4
130001
Convert 80b5 (base 14) to base 15.
6841
What is 21304 (base 5) in base 12?
a12
1916 (base 12) to base 7
11604
-2012 (base 5) to base 2
-100000001
What is 111122202 (base 3) in base 5?
304311
179c4 (base 13) to base 3
2022120200
What is 2649 (base 14) in base 7?
25422
30130 (base 7) to base 4
1301221
Convert -114304 (base 5) to base 4.
-1003221
Convert -246 (base 12) to base 11.
-291
10333 (base 6) to base 8
2621
-50532 (base 7) to base 16
-2ff1
Convert 1001000001110001 (base 2) to base 15.
ae52
454 (base 11) to base 14
2ab
What is 7771 (base 10) in base 6?
55551
What is 3222 (base 7) in base 13?
69c
Convert -4e96 (base 16) to base 2.
-100111010010110
What is 4215 (base 8) in base 10?
2189
Convert 105635 (base 7) to base 15.
58b2
-32 (base 5) to base 3
-122
What is -147 (base 9) in base 3?
-11121
-2231 (base 5) to base 13
-1b4
Convert -344313 (base 5) to base 2.
-11000010101010
What is 39c (base 16) in base 13?
561
Convert -10104 (base 5) to base 12.
-466
Convert 412 (base 12) to base 16.
24e
-174 (base 12) to base 6
-1024
-13170 (base 14) to base 16
-b75e
Convert 1110 (base 2) to base 11.
13
-210021201 (base 3) to base 13
-70a8
1544 (base 6) to base 3
120201
What is -420a (base 13) in base 2?
-10001110110000
Convert a7c (base 14) to base 9.
2750
-122022221 (base 3) to base 8
-30532
What is 4232 (base 6) in base 13?
587
Convert 17010 (base 10) to base 2.
100001001110010
Convert -2418 (base 16) to base 8.
-22030
Convert -13132132 (base 4) to base 13.
-10c27
10010011001 (base 2) to base 6
5241
Convert -2014 (base 15) to base 14.
-2677
23110 (base 4) to base 9
884
-1606 (base 9) to base 16
-4c5
What is -121a (base 12) in base 13?
-c0a
10010121121 (base 3) to base 12
2b844
26365 (base 8) to base 4
2303311
What is -410 (base 13) in base 6?
-3105
5050 (base 6) to base 7
3144
Convert -206 (base 8) to base 2.
-10000110
69a (base 11) to base 4
31003
-a610 (base 11) to base 16
-36df
-18256 (base 9) to base 15
-3b06
Convert 130a (base 13) to base 11.
2048
What is 61a6 (base 12) in base 6?
121130
What is -8d1 (base 14) in base 10?
-1751
Convert 122d (base 14) to base 8.
6151
What is 111001110110000 (base 2) in base 13?
10632
Convert 5681 (base 15) to base 5.
1041341
Convert 9822 (base 11) to base 16.
32ab
What is 8e1e (base 16) in base 15?
aba7
What is 2bf6 (base 16) in base 7?
44545
541 (base 13) to base 8
1602
What is -cac (base 13) in base 2?
-100001111010
2302111 (base 4) to base 14
4233
29 (base 11) to base 6
51
Convert -58aa (base 11) to base 5.
-221433
Convert -279a4 (base 13) to base 14.
-1d04c
Convert -12a (base 12) to base 2.
-10110010
51a0 (base 11) to base 8
15346
What is -16aa (base 13) in base 6?
-23303
What is -19a3 (base 14) in base 10?
-4651
Convert 10222101 (base 3) to base 8.
5523
Convert 17218 (base 9) to base 8.
27103
Convert -200330 (base 7) to base 5.
-2040112
Convert 10110210120 (base 3) to base 9.
113716
-201400 (base 5) to base 13
-2c41
Convert 114b (base 16) to base 3.
20001222
Convert 2488 (base 10) to base 2.
100110111000
What is 11312 (base 5) in base 10?
832
Convert -4b9 (base 12) to base 10.
-717
211001 (base 3) to base 9
731
Convert 42567 (base 9) to base 8.
67010
What is 1132 (base 10) in base 12?
7a4
What is 133331 (base 5) in base 14?
1dc6
What is 111010010011001 (base 2) in base 5?
1423344
What is -17175 (base 8) in base 9?
-11632
Convert -648a (base 12) to base 4.
-2230222
Convert -777 (base 10) to base 6.
-3333
Convert 2654 (base 10) to base 9.
3568
What is -1002020 (base 3) in base 10?
-789
3023000 (base 4) to base 3
122211012
-2b9 (base 13) to base 8
-752
What is bf (base 16) in base 13?
119
What is -644b (base 15) in base 10?
-21221
Convert -11122000 (base 3) to base 11.
-2599
What is -22438 (base 9) in base 4?
-3221123
-2110002 (base 3) to base 8
-3370
588 (base 10) to base 2
1001001100
-111011101 (base 2) to base 12
-339
What is -30448 (base 9) in base 3?
-1000111122
-199 (base 11) to base 13
-148
134215 (base 7) to base 11
18175
Convert -3421320 (base 5) to base 3.
-10002110011
-1320412 (base 5) to base 13
-bcc6
Convert -3016 (base 7) to base 12.
-72a
What is -121111 (base 3) in base 13?
-283
What is 14 (base 14) in base 6?
30
Convert 4aa1 (base 12) to base 14.
3133
What is 8648 (base 9) in base 14?
2466
-31312 (base 5) to base 11
-1623
Convert 1551 (base 8) to base 5.
11443
What is 100100100000101 (base 2) in base 3?
221122100
4941 (base 16) to base 6
222453
What is -110020 (base 4) in base 5?
-20123
What is 60a (base 16) in base 5?
22141
296 (base 12) to base 2
110010010
What is 101000010 (base 2) in base 12?
22a
Convert -427 (base 13) to base 10.
-709
What is 33dc (base 15) in base 10?
11007
What is -26615 (base 8) in base 11?
-8841
What is -67531 (base 8) in base 9?
-43082
Convert 28031 (base 13) to base 9.
123462
Convert 9c9f (base 16) to base 9.
61000
1cc (base 13) to base 9
414
Convert -865a (base 12) to base 8.
-34646
Convert -114bc (base 13) to base 7.
-161045
-1010000011011111 (base 2) to base 9
-62438
What is 56006 (base 7) in base 13?
6533
-1243 (base 11) to base 6
-11300
Convert -4213 (base 5) to base 7.
-1425
What is -110001110111101 (base 2) in base 6?
-314113
What is 10200002101 (base 3) in base 5?
4302420
What is 100 (base 2) in base 6?
4
What is 107402 (base 8) in base 3?
1212012221
100002130 (base 4) to base 15
146e7
Convert 1a42 (base 14) to base 10.
4762
What is -a5f4 (base 16) in base 15?
-c8c4
Convert -202012 (base 3) to base 2.
-1000100001
3124013 (base 5) to base 2
1100101000101110
What is -73 (base 14) in base 2?
-1100101
What is -f4 (base 16) in base 4?
-3310
Convert 101720 (base 8) to base 6.
420120
11011202 (base 3) to base 10
3044
-b0a3 (base 15) to base 5
-2143103
Convert 2010140 (base 5) to base 16.
7cb0
Convert -10224 (base 6) to base 7.
-4015
Convert -94a (base 12) to base 5.
-20404
-10303 (base 8) to base 15
-1411
Conver